 z = h + 52. What is the tens digit of z?
5
What is the ten thousands digit of (-11 - (-22 - (-36)/4)) + 16041?
1
Let j(q) = -5*q**2 - 8*q + 4. Let x = 18 - 13. Let u be j(x). Let s = -67 - u. What is the tens digit of s?
9
Let q(o) = -226*o - o**3 + 13 + 7*o**2 - 225*o + 448*o. Let d = -11 - -15. What is the tens digit of q(d)?
4
Let v be 4/1 + 3 + 1346. Suppose 17*t - v = 6*t. What is the tens digit of t?
2
Let l = 542 + 227. Suppose 0 = 2*s - l + 187. Suppose -81 = 5*h - s. What is the units digit of h?
2
Suppose 0 = 5*h + 4*u - 136, 5*h + 0*u - 143 = 3*u. Let c(o) = -19*o**2 + 106*o. Let v be c(6). What is the units digit of v/h*(-7)/2?
6
Suppose -25*v - 17670 = 24580. Let r = -1169 - v. What is the units digit of r?
1
Let c = -67 - -69. Let h be ((-3)/c)/(1/188). Let r = -171 - h. What is the hundreds digit of r?
1
Let u be (-51)/(-7) + (-20)/70. Suppose u*c + 5748 = 11*c. What is the tens digit of c?
3
Let z(r) = 20*r**2 + 21*r - 379. What is the hundreds digit of z(14)?
8
Let r = -2 + 4. Suppose 7*n = r*n + 1390. Let i = n - 164. What is the units digit of i?
4
Suppose -8*k + 5*k = 0. Suppose k*v - 5 = 3*v + 4*i, -4*i = 4*v. Suppose -2*u + 392 = v*c, -c - 579 = -3*u - 4*c. What is the units digit of u?
1
Suppose 2*l + 5*b = -31 + 9, l - 7 = 2*b. Let n(c) = c**3 + 2*c**2. Let q be n(l). What is the units digit of (-8)/(-12)*3 + q - -76?
9
Let v(k) = 45*k + 343. Let c be v(8). Suppose -g - 2*i = -123, 3*i - c + 109 = -5*g. What is the units digit of g?
7
Suppose 638640 = -65*r + 81*r. What is the units digit of r?
5
Let k(o) = o**3 + 5*o**2 - 7*o + 2. Let b be k(-6). Suppose 7*x - 3*x - b = 0. Suppose 6*n = n - 5*t + 290, 70 = n - x*t. What is the tens digit of n?
6
Suppose 0 = 4*m + 4*s - 4, 4*m + 11*s - 8*s = 7. Suppose -m*y = 3*y + 7. What is the units digit of (5/15)/((4/(-2556))/y)?
3
Let y(g) = g**3 - 4*g**2 + 5*g + 3. Let s be y(3). Suppose 3*u - 201 = 3*m, -s*u - 4*m + 187 = -6*u. What is the tens digit of u?
6
Let t(f) = f**3 - 9*f**2 + 8. Let u be t(9). Let q(z) = 8 - 4*z - 155*z**2 + 11 + 156*z**2 - 3*z. What is the tens digit of q(u)?
2
Let x = -24683 - -44099. What is the hundreds digit of x?
4
Let r be 1842/(-18) + 2 + 2/6. What is the tens digit of (r/(-35) - 0)/((-10)/(-245))?
7
Let w be (-17)/(1122/12) + (-97)/11. Let d(m) = -24*m + 2 - 5 + 20. What is the hundreds digit of d(w)?
2
Let x(t) = 2*t + 1. Let i(o) = -o**2 + 29*o - 54. Let y(j) = i(j) + x(j). What is the units digit of y(14)?
5
Let d = -2342 - -6355. What is the units digit of d?
3
Let k be ((-7)/((-28)/344))/2. Let r = -40 + k. What is the units digit of (3/r)/(-3)*-6?
2
Suppose -3*u - 3*y = -4887, -2*u = -3*u + 3*y + 1625. What is the tens digit of u?
2
Suppose -3*c - c + 4*g + 14160 = 0, -c - 5*g + 3570 = 0. Suppose -f + u = -710, c = -0*f + 5*f - 4*u. What is the tens digit of f?
0
Let v(n) = 13*n**2 + 9*n - 16. Suppose -17 = 3*w + 1. What is the hundreds digit of v(w)?
3
Suppose v - 2*u - 3317 = 2624, 29669 = 5*v + 2*u. What is the units digit of v?
5
Let h = 5 + -3. Let m be h/(-13) + 82/26. Suppose r + 344 = 4*x, -5*x - 447 = -10*x - m*r. What is the units digit of x?
7
Let g(b) = 11*b**2 - 92*b + 434. What is the hundreds digit of g(-32)?
6
Let x(j) = 12*j**2 + 6*j + 21. Let p be x(-4). Suppose 6*n + 540 = 2*q + 4*n, -3*n = -q + 278. Let v = q - p. What is the units digit of v?
7
Suppose 17*h - 295051 = 51193 + 331393. What is the thousands digit of h?
9
Let o = -19795 - -30218. What is the ten thousands digit of o?
1
Let m(u) = u**2 + 29*u + 83. Let n be m(-26). Suppose 3*w - 2837 = -n*a + 2*w, -2*a + 1133 = w. What is the hundreds digit of a?
5
Let l(g) = -144*g + 272. Let r be l(-12). Let n = -467 + r. What is the hundreds digit of n?
5
What is the hundreds digit of ((-492438)/20)/(-1) - (-5 + 21)/(-160)?
6
Let r = -28 + 24. Let h(c) = 9*c + 3. Let i be h(r). What is the hundreds digit of (374/i)/((-2)/21)?
1
Let g(b) = -2*b**3 - 79*b**2 - 55*b + 55. What is the units digit of g(-42)?
5
Suppose 2*k + 2 = 9*o - 8*o, -5*o - 2*k = 2. Suppose -14*z + 1939 + 791 = o. What is the hundreds digit of z?
1
Let a be (-3*12/(-7))/(33/154). Suppose -6*x + a = -0*x. What is the tens digit of 2 - 16/x - -31?
2
Let k(x) = 4*x**2 + 19*x + 35. Let s be k(12). What is the hundreds digit of 1 + -5 + s - 5?
8
Suppose 5*g = -5*l + 20, 4*l - 24 = 5*g - g. What is the hundreds digit of 204 - (6 - l)*-5?
2
Let o = 640 + -591. Suppose -43*b + o*b - 8700 = 0. What is the tens digit of b?
5
Let o = -14 + 14. Let k = 6 + o. Let q = 91 - k. What is the tens digit of q?
8
Let i = -11974 + 20705. What is the tens digit of i?
3
Suppose -9*j + 104527 = 2*j - 206300. What is the thousands digit of j?
8
Let w = 12223 + -5715. What is the hundreds digit of w?
5
Suppose 15*j = 266 + 94. Suppose -4455 - 3897 = -j*n. What is the units digit of n?
8
What is the units digit of (-34 - 3)/(18/(-6084))?
6
Let n = 17927 + -10981. What is the thousands digit of n?
6
Suppose -3*f = -1473 - 171. Suppose 0 = c + 3*c + f. Let t = -5 - c. What is the units digit of t?
2
Let z(x) = -x**3 - 50*x**2 - 242*x - 195. What is the tens digit of z(-49)?
6
Let r(a) = -202*a - 665. What is the thousands digit of r(-61)?
1
What is the thousands digit of 14/(-84) + (1/4)/((-39)/(-1959542))?
2
Let i = -21183 + 32066. What is the thousands digit of i?
0
Let z be (4/(-6))/(5/15). Let m(y) = 3*y + 8*y**2 + 5 - 3 + 0*y. What is the tens digit of m(z)?
2
Let y(k) = 930*k**2 - 152*k + 969. What is the tens digit of y(7)?
7
Suppose -5*z - 17*f = -18*f - 1607, -3*f = -3*z + 957. Suppose 5*h - 2288 = z. What is the hundreds digit of h?
5
Suppose -4*b - 5*d + d = -2892, 5*d = 5*b - 3645. Suppose 61*p - b = 58*p. What is the units digit of p?
2
Let z = 54144 - 18038. What is the thousands digit of z?
6
Let g(f) = 75*f**2 - 66*f - 295. What is the hundreds digit of g(14)?
4
Let a(c) = 2*c**3 + 245*c**2 + 51*c + 101. What is the hundreds digit of a(-121)?
8
Suppose -5499520 + 31691831 = 379*g. What is the tens digit of g?
0
Let m be 54/27 + -1*2/1. Suppose m = 2*h + 10, g + 4*g = -h + 700. What is the tens digit of g?
4
Let f be (1 - -68)/(-2 - -1). Suppose 12*t = -145 + 1597. Let v = f + t. What is the units digit of v?
2
Let v be (-5)/(-5) + 12 + 1. Let o be 3 - ((1 - 3) + v). What is the tens digit of (-2 - 60/o)/((-2)/(-12))?
2
Let n = -194 - -194. Suppose n*y - y - d = -965, -y + 3*d = -945. What is the hundreds digit of y?
9
Suppose 5*w = 5*p + 110165, 11*w - 176312 = 3*w - 4*p. What is the thousands digit of w?
2
Let x(a) = 7*a - 31. Let o(k) = -3*k + 15. Let b(l) = 5*o(l) + 2*x(l). Let r be b(9). Suppose -7 = -r*p + j, -2*j + 0 = -3*p - 1. What is the units digit of p?
3
Suppose 0 = -5*p + d + 2*d + 110, 0 = 5*p + 2*d - 85. Let b(m) = -m**3 + 18*m**2 + 22*m + 6. Let w be b(p). Let j = -3 + w. What is the units digit of j?
0
Let c = -4084 - -11301. What is the thousands digit of c?
7
Suppose -5*y + 18 = -8*y. What is the units digit of y/24*4*(-239 - -3)?
6
Let o(c) = -101*c + 3 - 3 + 11 + 5. Let r be o(8). What is the tens digit of ((-4)/3 - -2)/((-8)/r)?
6
Let t(y) = -y**3 - 11*y**2 - 20*y - 13. Let u be t(-9). Suppose 0 = 5*d + 4*j + 9 + 1, -j = -u*d + 15. What is the tens digit of (d - -202)/3 + (-4)/(-2)?
7
Suppose -967 + 217 = 5*b. Suppose 3*l - 3 = -6. What is the units digit of 3*(l + b/(-9))?
7
Let q(s) = 3845*s**2 + s + 7. Let w be q(-2). Suppose -43*k + w + 16822 = 0. What is the units digit of k?
9
Let s(i) = 66*i**2 - 11*i - 18. Let c be s(-2). Let g = 443 - c. What is the hundreds digit of g?
1
Suppose 39 = -12*z - 57. What is the tens digit of (-3681)/z - (4 + 62/(-16))?
6
Let l be (-5 + 44/55)*10. Let d be (2 - 0)/(4/98). Let h = d - l. What is the units digit of h?
1
Suppose 61*y + 46*y - 2259271 = -26*y. What is the hundreds digit of y?
9
Suppose -3*h - 4407 + 398 + 34984 = 0. What is the thousands digit of h?
0
Let s = -733 - -2301. What is the units digit of s?
8
Suppose -3*c - 132028 = -4*t, -100*t + 102*t - 66014 = c. What is the hundreds digit of t?
0
Let n(y) = -50*y + 10. Let u(v) be the second derivative of -17*v**3/2 + 5*v**2 - 18*v. Let f(l) = -6*n(l) + 5*u(l). What is the hundreds digit of f(5)?
2
Let u be (-92)/230 + 82/5. Suppose p - 3*f = 202, 2*p + 202 = 3*p + 3*f. Suppose -u*r + 18